lue of (-2 - -2 - -6) + -77 + 64 + -6?
-13
What is the value of -23 + -12 + 27 - -4?
-4
What is 5 - (4 - -10 - 10) - (1 + -15)?
15
Evaluate -27 + 54 - (-12 + 20).
19
Calculate (14 + 12 + 13 - 30) + 6 + -1.
14
Evaluate (11 + -4 - 2) + (-25 - -21).
1
Evaluate (-7 - -35) + (7 - 24).
11
What is -18 - (-25 + -3) - (2 - 3)?
11
Calculate -4 - (5 - (4 + (-1 - -7))) - -1.
2
Calculate (5 - -2 - (-2 - -9)) + 12.
12
(-15 - 46 - -24) + 3
-34
1 - (-13 - -3) - 1
10
Calculate (-8 + 5 - ((0 - -9) + 12)) + 9.
-15
What is the value of -19 + 18 - (8 + -2 - (-2 + 2))?
-7
Calculate -9 + 5 - (13 - (10 + 4 - -29)).
26
What is 12 - (-15 - -18) - 16?
-7
-238 + 227 - (5 - (-6 - 2))
-24
-6 - (6 - (19 - 4))
3
What is the value of 2 - (-2 + (0 - -6) - (0 + -8))?
-10
Evaluate 1 + 1 - (9 - 12) - 12.
-7
Calculate -493 + 461 + 54 + -2.
20
((0 - 6) + 6 - -5) + (5 - 17)
-7
What is (-3 - 0) + (-264 - -294) + -19 + 1?
9
Evaluate (-24 - -24) + -12 - -8.
-4
Calculate (1 + 17 - 1) + 0 - (2 + 5).
10
Evaluate 18 + 2 - (10 - -10).
0
Calculate -5 - (-2 + 3) - (3 - (8 + -2)).
-3
What is 5 + (-1 - (3 - 5)) - (71 + -56)?
-9
Evaluate 4 - (-11 + 8 + 3).
4
What is (-1 - -6) + 401 + -417 + 40?
29
Evaluate -14 + 2 - (-2 - (6 - -1) - -2).
-5
Evaluate -1 + 27 + (-177 - -130).
-21
What is 27 - (-34 + 29) - 11?
21
Evaluate -2 + (-2 + 8 - -5 - 4).
5
Calculate 23 + -9 + -10 + 3.
7
-11 + -10 + 8 - -22 - -2
11
Evaluate (-18 - -17) + 17 + -14.
2
What is 6 + -32 + 28 - -20?
22
-3 + -14 + -38 + 70
15
Calculate -6 + (-2 - (-9 + 7 - -1) - -21).
14
What is 49 + -35 - (33 - 1)?
-18
What is the value of -15 + 1 + -4 - -38 - 56?
-36
Calculate 9 + -29 + (37 - 14 - 9).
-6
-7 + 1 + (64 + -8 - (2 - -15))
33
Evaluate 0 + (-32 - (2 + -4)) + -2955 + 2954.
-31
What is 19 + (-9 + 12 - 1) + 1?
22
What is the value of -13 - (10 - ((-11 - -14) + -11 + 7))?
-24
(2 - -2 - (-3 + (4 - -2))) + 3
4
11 - (-34 + 56) - (1 - -18)
-30
What is (-2860 - -2851) + 2 + (-23 - 2)?
-32
Calculate 3 + (-1 - (-15 + 6)) - 1.
10
What is 5 - (-18 + 78) - -31?
-24
Calculate 4 - (-9 - (8 + (-6 - (-13 - -10)))).
18
Evaluate 12 + (4 - (23 + -7)).
0
Calculate (92 - 144) + 2 + 26.
-24
Evaluate 61 - 39 - (6 + (-4 - (-9 + 5))).
16
Evaluate (7 - -5) + 9 + -7 + -4.
10
214 + -217 + 7 + -2
2
Evaluate -8 - -9 - (-17 + (26 - -1)).
-9
-3 - -3 - -3 - ((-30 - -60) + -49)
22
7 - (-9 + -1 - (1 - 9 - 0))
9
Evaluate 1 + (-4 + 1 - (33 - 29)) + -8.
-14
What is -1 - -20 - 15 - -9?
13
What is (21 + -21 - (0 + -2) - 6) + 0?
-4
Evaluate (-21 - (8 + -25)) + 7.
3
What is the value of 5 - (-15 + -14 + 45)?
-11
What is 3 - 0 - (-247 + 240)?
10
What is 11 - (2 - (-13 + 2 + 3 + -19))?
-18
Evaluate -35 + (14 - -8) - -21.
8
What is 4 + 1 + 27 + -27?
5
Evaluate (-2 - -4 - 8) + (16 - 10) - 13.
-13
Calculate -4 + -4 + -7 - -8.
-7
(4 - -10) + (-17 - -9)
6
11 - 2 - (-26 + 29)
6
What is the value of (-22 + -7 - 9) + 7 + (8 - 9)?
-32
Evaluate -1 + 11 - ((38 - -11) + 18 + -35).
-22
Evaluate -1 + -8 - (57 + -51).
-15
What is the value of 9 + -2 - (24 - 18)?
1
Evaluate -4 - (-18 + 11 - -4).
-1
What is -17 - 10 - -16 - 0?
-11
What is 21 - (-18 - -33 - -3)?
3
What is the value of 1 + -7 + -5 + 5?
-6
Evaluate -15 - 4 - (20 + -36 - -5).
-8
What is -1 + 7 - (56 - (-40 + 57))?
-33
What is (-26 - (35 + -15)) + 32?
-14
Evaluate 11 + (-28 - -21) + 8.
12
Calculate -2 + -1 + (9 - -1 - (-68 + 71)).
4
What is the value of (-26 - -34) + -12 + 4 + -6?
-6
Evaluate (-1 - -12) + 232 + -277.
-34
Evaluate -3 + 4 + -6 + 3.
-2
2 + ((2 - 1) + 6 - (10 + -5))
4
(-51 - (-91 + 55)) + (1 - 20)
-34
Calculate -38 + 32 + -14 + -1.
-21
What is the value of 76 - 81 - (-15 + 0) - 3 - 14?
-7
What is the value of -3 - (0 + -1 + (7 - (10 - 4)))?
-3
What is (25 - 14) + -3 + (-8 - (4 + -6))?
2
9 + -3 + -11 + 5 + 7 + -1
6
Calculate (-5 - -7) + 4 - (-5 + 12) - 10.
-11
(1 - (25 - -1)) + 11
-14
What is (-3 + 6 - (-4 + 6)) + 8?
9
(13 - -8) + -8 + 12
25
Calculate -28 - (-2 + 7 + (11 - 14)).
-30
Calculate 5 + -10 + 15 + -16.
-6
Evaluate 7 + -6 + 29 + -2 - (168 - 169).
29
Calculate (-9 - (1 - -7)) + 16 - (16 + 0).
-17
Evaluate (5 - (9 - 9)) + 28 - 11.
22
-2 + (18 - 33) + 29
12
What is -22 + -8 + (30 - -23)?
23
Calculate 61 - (24 - -21) - (-2 - (-2 - 5)).
11
What is the value of 5 + -18 + (15 - (-16 + 48))?
-30
Calculate (1 - 8 - (-13 + 6)) + -13 - -9.
-4
Evaluate 0 + (-8 - -1) + 1 - (18 + -39).
15
What is 7 + (-7 - (6 + (-10 - -5)))?
-1
Evaluate -10 + -1 + (-5 - 0) + 7.
-9
Evaluate 86 + -80 + (2 - 7).
1
-10 - (5 - -9 - 22) - -15
13
Evaluate 24 + -50 + (60 - 26).
8
Calculate -179 + 182 + (-1 + (2 - -7) - 1).
10
Calculate -6 - ((6 - 3) + -26 - (-6 - -3)).
14
Calculate (7 - 8) + -28 - (16 - 8 - 16).
-21
Evaluate -3 + (-1 - -6) + (-15 - -13) - -2.
2
Calculate (-26 - (8 - 74)) + -24.
16
What is the value of 1 - (6 - (-3 - -12) - 7)?
11
31 + (-3 - 23) - 23
-18
What is 19 + 16 + -26 - 9?
0
18 + -16 + -1 + 2 + 3
6
(-14 - -23) + 0 - 1
8
What is (-136 - -145) + -1 + -8?
0
Calculate -9 + (5 - (2 + -12)).
6
Calculate -33 - -20 - ((1 - 12) + 1).
-3
Calculate (21 - 22) + 5 + 2 + (-3 - 12).
-9
-11 + (6 - (4 + (9 - 9)))
-9
What is -33 - -27 - (-2 - 3 - -3) - -30?
26
Evaluate 14 + -36 - (2 - 13).
-11
Evaluate -2 - (-4 + 6 + -8 + 9) - -7.
2
(5 + 10 - 28) + 21
8
What is -16 - (-56 + 26 + -9)?
23
Evaluate -13 - -16 - (11 + (-10 - 5)).
7
What is the value of (-19 - (30 + -40)) + (-3 - (-5 + 3))?
-10
What is 7 + -6 + 11 + 2 + -10 - 24?
-20
1 - (-63 + 73 - (-1 - -18))
8
Evaluate (-5 - -6) + (5 - (4 + -11)).
13
14 - 3 - (7 + 8) - 3
-7
3 + (-9 - 1) + (16 - -9) + -7
11
Calculate (-3 - (-3 + -3)) + (-17 - 1).
-15
1 - 21 - (1791 + -1787)
-24
Calculate -88 + (17 - -71) + 32 + -1.
31
-9 + -16 + -8 + 15 + 3
-15
What is the value of (1 - 1 - ((-20 - -14) + 16)) + 4?
-6
-9 - (-9 + (-3 - -1)) - 1
1
What is the value of 8 + 3 + -7 - (-3 + -3 + 1)?
9
What is -16 - (-34 - -2) - 42?
-26
What is (-11 - -5) + 8 + -1 + -1?
0
Evaluate (-4 - (-2 - -3)) + (-22 - 3 - -19).
-11
-5 - ((2 + 6 - -2) + -11 - 2)
-2
Evaluate -10 - (2 + 8 - (43 + -18)).
5
-6 + (8 - -8) + (4 - 12) + -8
-6
Evaluate 9 - (-1 + -3 + -3 + (1 - -2)).
13
Calculate -3 + 8 + (-3 - 30) + 1 + 8.
-19
Evaluate 1 + -4 - (10 + -10).
-3
Calculate 13 + 3 + (-3 - -2) + -1 + -4.
10
What is 2 + -27 - -21 - (-1 - 9)?
6
What is -10 + 5 + 3 + -1 + -11?
-14
What is the value of (-1 - 13) + -1 + 10?
-5
Evaluate -14 + -8 + -7 + 41.
12
Evaluate 1 - -3 - (6 + (6 - 0 - 0)).
-8
What is (5 - (7 + -4)) + -5 - (-18 + 6)?
9
What is the value of -10 + -2 - (0 + 2) - -12?
-2
What is the value of (2 - 21) + (45 - 38) - -16?
4
What is the value of 24 + -3 + (1 - (13 + -4 - 10))?
23
Evaluate 23 + -13 - (9 - 2 - (-4 - -5)).
4
Calculate -7 + 1 - (-457 - -459 - (-6 - -1)).
-13
What is -9 + (14 - 2) - (2 + -1)?
2
What is 6 - (4 + 1 - 9)?
10
45 + -25 + -14 - 0
6
(0 - (-12 - 7)) + 9
28
-1 + (-5 - -19) + 0 + -7 + -4
2
-22 + (5 - 0 - 1 - 3) + 4
-17
What is the value of (-5 - 1) + 6 + 1 + (1 - -10)?
12
Evaluate (-2 - -2) + -11 + (-14 - (-19 - -24)).
-30
Calculate 4 - (-5 + 5) - (15 + -2).
-9
-5 + -15 + -5 + 9 + 36 + -28
-8
What is 14 - (41 - (-17 - -31))?
-13
Evaluate (0 - 8) + (-5 - -28 - 6).
9
-1 + (11 - (3 + 5 + -1) - 20)
-17
(30 - (12 + 10)) + 11
19
What is -4 - (0 + 1) - (34 + -36 - 8)?
5
-1 - -4 - 0 - ((81 - 20) + -25)
-33
Calculate 23 - 11 - (8 + 12).
-8
What is 4 + -4 + 6 + 2 + -5 + 7?
10
11 + (-8 - ((4 - 6) + 2))
3
Evaluate (-8 - -2) + 7 - -2 - (-3 - 1).
7
What is the value of 22 + -21 + 10 + 0 - 44?
-33
What is -16 - (-29 - 3) - 21?
-5
Calculate (-14 - -6 - 0) + -5 + 13.
0
Evaluate 0 + -5 - (-11 + 3 - -18 - 14).
-1
Calculate (3 - 1) + (-2 + -18 + -37 - -18).
-37
What is (-14 - -36) + -26 + 4 + -2?
-2
What is (-4 + -2 - (6 + -15)) + 11?
14
-20 + (11 + 7 - 23)
-25
Calculate (-31 - (-7 - (-2 + -2))) + (36 - 29).
-21
What is the value of 18 + -7 + 7 + -23?
-5
-27 - (1 + -3) - (5 - 14 - 0)
-16
What is 39 + (-31 - -24) + -34?
-2
What is the value of 0 - 13 - (-53 + (-46 - -86))?
0
What is -14 - (-18 + -22) - 32?
-6
Calculate 10 - (14 + -5 - -14).
-13
Evaluate (-12 + -4 - -1) + 4.
-11
What is -12 - (-17 + 32 - 7)?
-20
What is the value of 15 - ((-4 - 4) + -14 + 15 + 0)?
22
Calculate 21 + (-16 - -5 - (-5 - 2)).
17
Evaluate -393 + 384 + (5 - -1).
-3
Calculate -28 + -7 - (-8 + (0 - 0) + 3).
-30
What is 5 + -20 + 10 + 0?
-5
Evaluate -19 + 10 - (-24 +